
False
Is 20336293 a prime number?
True
Is 145122269 a composite number?
False
Is 77992501 prime?
False
Is 8263433 prime?
True
Is 19183259 composite?
True
Is 11385271 a prime number?
True
Is 285366799 a prime number?
False
Is 140191 prime?
True
Is 5700603 a composite number?
True
Is 12013663 composite?
False
Is 330455603 prime?
True
Is 1739557 composite?
False
Is 56275883 composite?
False
Is 2045146 prime?
False
Is 77648594 composite?
True
Is 1619441 composite?
True
Is 772087 a prime number?
False
Is 26165551 a prime number?
True
Is 7669069 a prime number?
True
Is 25632041 composite?
False
Is 12480583 a prime number?
False
Is 1742233 a composite number?
True
Is 6152731 composite?
True
Is 62140385 a prime number?
False
Is 17378617 prime?
False
Is 548958587 a prime number?
True
Is 223469 composite?
False
Is 10603259 a composite number?
True
Is 18538427 a composite number?
False
Is 8650399 prime?
False
Is 722609 a composite number?
True
Is 290222183 composite?
False
Is 105077989 a prime number?
False
Is 1814149 composite?
True
Is 2925527 prime?
False
Is 2294527 a prime number?
False
Is 486791 a prime number?
False
Is 4508197 a prime number?
True
Is 84353 a prime number?
False
Is 2117539 a prime number?
True
Is 36947 composite?
False
Is 354223 a composite number?
True
Is 1029649 a composite number?
True
Is 4052173 a prime number?
True
Is 7891727 a prime number?
True
Is 309595183 a prime number?
True
Is 130592039 composite?
False
Is 53412853 prime?
False
Is 235308053 a prime number?
False
Is 29158589 prime?
False
Is 5727313 a composite number?
False
Is 3375401 a prime number?
False
Is 2480947 a prime number?
False
Is 8868581 prime?
True
Is 7563669 composite?
True
Is 7076423 a composite number?
True
Is 226025633 composite?
True
Is 58420931 prime?
True
Is 9274555 a composite number?
True
Is 870647 a composite number?
True
Is 63586811 composite?
False
Is 4783109 composite?
False
Is 1920461 prime?
False
Is 60010649 prime?
True
Is 240641059 a composite number?
False
Is 211777 a prime number?
True
Is 175236317 prime?
True
Is 3602309 prime?
True
Is 217057883 prime?
False
Is 3782263 composite?
True
Is 176821967 a composite number?
True
Is 15767407 prime?
False
Is 429704279 composite?
False
Is 7422851 a composite number?
True
Is 795500201 a composite number?
True
Is 11440199 a prime number?
True
Is 289033151 composite?
True
Is 5718709 a composite number?
False
Is 6930233 a composite number?
False
Is 279866827 prime?
False
Is 78391057 a composite number?
True
Is 16972177 a prime number?
False
Is 850567 prime?
True
Is 6095717 a composite number?
False
Is 313777679 composite?
True
Is 26469203 a prime number?
True
Is 21103 prime?
False
Is 6835718 a prime number?
False
Is 72828761 composite?
False
Is 5246921 composite?
True
Is 411214729 a composite number?
False
Is 16041929 prime?
True
Is 18107801 a prime number?
True
Is 32493623 a composite number?
False
Is 2365613 a composite number?
False
Is 1161023 a composite number?
True
Is 399221 a composite number?
False
Is 3198371 a composite number?
True
Is 160000177 composite?
False
Is 2646889 a composite number?
True
Is 35172979 prime?
True
Is 18974543 a prime number?
False
Is 18672053 a prime number?
True
Is 49815449 a composite number?
False
Is 2310783 a prime number?
False
Is 5070749 a composite number?
True
Is 160563531 composite?
True
Is 1769819 prime?
False
Is 1736789 a composite number?
False
Is 25804313 composite?
True
Is 66911021 composite?
False
Is 148620223 a composite number?
True
Is 44729 prime?
True
Is 1142285 a prime number?
False
Is 13751063 prime?
True
Is 25265551 a composite number?
True
Is 160047457 a prime number?
True
Is 640271 a prime number?
False
Is 21338623 a prime number?
False
Is 9338941 prime?
True
Is 1617521 prime?
False
Is 11167973 a prime number?
False
Is 17931463 a prime number?
False
Is 3671753 a composite number?
True
Is 2584661 composite?
False
Is 807559 a prime number?
True
Is 12969106 a composite number?
True
Is 1407361 a composite number?
False
Is 8358643 a prime number?
True
Is 1392407 a prime number?
True
Is 415003 composite?
True
Is 303249943 composite?
False
Is 141789581 a composite number?
False
Is 283421 prime?
False
Is 524631281 composite?
True
Is 4815047 prime?
True
Is 6689963 a prime number?
False
Is 75379153 prime?
False
Is 397008251 prime?
False
Is 428056513 a prime number?
True
Is 1338185 composite?
True
Is 696373 composite?
False
Is 6127201 composite?
True
Is 86349241 a composite number?
True
Is 4764967 a composite number?
False
Is 3299017 prime?
True
Is 20198849 prime?
False
Is 96645013 prime?
False
Is 66370459 a composite number?
False
Is 903263 a prime number?
False
Is 63344951 composite?
False
Is 1010254445 a prime number?
False
Is 440212699 a composite number?
False
Is 138552563 prime?
True
Is 204923 prime?
True
Is 532807 composite?
True
Is 137620421 composite?
False
Is 4892257 composite?
False
Is 16089347 composite?
False
Is 6425929 prime?
True
Is 374879 prime?
True
Is 746467781 prime?
True
Is 2250563 composite?
True
Is 3008609 a prime number?
False
Is 24058126 a prime number?
False
Is 2439487 prime?
True
Is 304667057 composite?
False
Is 4232311 a composite number?
True
Is 57269 prime?
True
Is 8013233 prime?
True
Is 137500331 a composite number?
False
Is 3328769 composite?
True
Is 59854499 prime?
False
Is 4385233 composite?
True
Is 53454223 a prime number?
False
Is 52739761 a composite number?
True
Is 23569979 prime?
True
Is 13683139 a prime number?
False
Is 31609519 composite?
False
Is 2072779 composite?
True
Is 15353629 prime?
False
Is 5102953 prime?
True
Is 1235335 a composite number?
True
Is 1561237 prime?
False
Is 399269 a composite number?
True
Is 180371 composite?
False
Is 4110331 a prime number?
True
Is 37358287 prime?
True
Is 137123401 composite?
True
Is 14513591 composite?
False
Is 7982473 a composite number?
False
Is 824768921 a prime number?
True
Is 55049773 a composite number?
True
Is 1501777 prime?
True
Is 572149 composite?
True
Is 4003301 prime?
False
Is 115547 composite?
False
Is 11302709 composite?
True
Is 20013991 prime?
True
Is 366917 a prime number?
True
Is 60631507 prime?
True
Is 19151809 composite?
True
Is 50292253 a prime number?
False
Is 10637873 composite?
False
Is 1586901 prime?
False
Is 13103533 a prime number?
True
Is 14617553 a composite number?
True
Is 2443433 a prime number?
True
Is 81584747 prime?
False
Is 1118479 a composite number?
False
Is 551987 a composite number?
True
Is 143923957 composite?
False
Is 2315087 prime?
False
Is 5870057 a composite number?
False
Is 5010809 a prime number?
False
Is 3219241 a composite number?
True
Is 956587 prime?
True
Is 23969113 prime?
False
Is 129732139 prime?
True
Is 118968067 composite?
False
Is 29718701 a composite number?
False
Is 24316477 a prime number?
False
Is 157349 a composite number?
False
Is 1269757 a composite number?
False
Is 98081 composite?
False
Is 905816761 composite?
False
Is 16839259 a prime number?
True
Is 33664819 a composite number?
False
Is 19650214 a composite number?
True
Is 40964923 a composite number?
False
Is 1440091 prime?
False
Is 7559051 composite?
False
Is 902291821 prime?
False
Is 35358203 prime?
True
Is 4589027 prime?
True
Is 1204249 a prime number?
False
Is 12011541 prime?
False
Is 57907247 a prime number?
False
Is 76231 a composite number?
False
Is 16639483 composite?
True
Is 8208553 composite?
False
Is 115127681 prime?
False
Is 228128297 prime?
False
Is 166314317 a composite number?
True
Is 481822397 a composite number?
True
Is 723361 composite?
False
Is 52883183 composite?
False
Is 5919209 prime?
False
Is 198457865 a prime number?
False
Is 6133603 prime?
False
Is 6166313 composite?
True
Is 32744557 a prime number?
True
Is 2451907 prime?
True
Is 351947 prime?
False
Is 28348631 prime?
False
Is 92856061 prime?
False
Is 64919963 a composite number?
False
Is 5029601 prime?
True
Is 45355501 a prime number?
False
Is 4630097 a composite number?
False
Is 5135107 prime?
False
Is 32599057 composite?
False
Is 24805009 a composite number?
False
Is 98393 composite?
True
Is 1172267 a prime number?
False
Is 512891 prime?
True
Is 33512849 composite?
True
Is 44655391 a prime number?
False
Is 12130715 prime?
False
Is 52364033 prime?
False
Is 699726247 a composite numbe